8. What are the prime factors of q?
2, 7, 19
Let g be (4/(-6))/(10/(-45)). Suppose -g*l = 2*l - 20. Suppose -l*u - 67 = -5*y, 3*u + 69 = 6*y - y. List the prime factors of y.
3, 5
List the prime factors of (-1)/2 + (-542965)/(-226).
2, 1201
Suppose 0 = 5*b + n - 36, -4*n + 5 = 3*b - 20. Let r be (86/(-6) - 0)*-3. Let u = r - b. List the prime factors of u.
2, 3
Let r(t) = t + 57. List the prime factors of r(-13).
2, 11
Let r = -4 + 4. Suppose 4*k + 156 = 4*b, r = 3*b + 5*k - 3*k - 127. Suppose 4*x + 2*w - 92 = 4*w, -x = 4*w - b. What are the prime factors of x?
5
Let t(w) = 4*w - 1. Let u(q) = -3*q - 18. Let v be u(-11). List the prime factors of t(v).
59
Let w(i) be the first derivative of -i**3/3 - 11*i**2/2 - 6*i + 11. List the prime factors of w(-6).
2, 3
Let h(u) = -9 + 43*u**2 - u - 4*u + u. Let q(a) = -11*a**2 + a + 2. Let i(y) = -2*h(y) - 9*q(y). List the prime factors of i(-1).
2, 7
Suppose 4*o = -0*o - 4*k + 216, 0 = 3*o + 2*k - 160. Suppose 2*y = -y - 81. Let j = o + y. What are the prime factors of j?
5
Let v be (((-12)/(-4))/3)/1. Let s(o) = -5*o - 8 - v + 6. List the prime factors of s(-3).
2, 3
Suppose 3*w - 8 = -b, -2*b = b - 5*w + 4. Suppose 20 = -b*q + 6*q. Suppose -q*o - 5*p = -275, -137 = -2*o + 3*p - 12. List the prime factors of o.
2, 29
Let q(d) be the third derivative of -17*d**6/60 - d**5/60 + d**4/24 + 2*d**3/3 + 2*d**2 - 18*d. What are the prime factors of q(-2)?
2, 3, 5
Let m(c) = -c**3 - 5*c**2 - 13*c + 7. Suppose 0 = 4*b - 4*o + 6*o + 16, -2*b = -2*o + 20. List the prime factors of m(b).
11
Let x(u) = -u**2 - 18*u - 13. Let m be x(-19). Let j = -10 - m. List the prime factors of j.
2, 11
Let f(j) = j + 17. Let z be f(-14). Suppose 350 = 8*c - z*c. What are the prime factors of c?
2, 5, 7
Suppose 0 = v - 2*v + o + 6, 0 = -5*v + 4*o + 26. Suppose -5*d + 797 = t, 4*d + 6*t - 628 = v*t. What are the prime factors of d?
2, 5
Let h(s) = -17*s. Let u be h(4). Let a = u + 104. What are the prime factors of a?
2, 3
Let w be (8 + -4)/(-1 + 2). Suppose 3*g + 62 = -w*p, g - 5*p - 39 = 2*g. What are the prime factors of (-444)/g + 4/14?
2
Suppose 0 = 4*u - 8 - 8. Let d = u - 4. Suppose 4*m + m - 45 = d. What are the prime factors of m?
3
Let m be (6/4)/(33/44). What are the prime factors of (291/(-15))/(m/(-10))?
97
Let y = 52 - -86. What are the prime factors of y?
2, 3, 23
Let m be (-5593)/(-68)*(10 + 2). Suppose 11*z - m = 3. What are the prime factors of z?
2, 3, 5
Let n = -3271 - -6282. List the prime factors of n.
3011
Suppose 0*f + f = 87. Suppose -v + f = -n - 2*n, -4*v - 5*n + 416 = 0. List the prime factors of v.
3, 11
Suppose 8463 = 18*x - 4983. List the prime factors of x.
3, 83
Let w be (2 + -1)/((-2)/(-16)). Suppose -2*i + 4*i - w = 0. Suppose -i*s - 320 = -9*s. What are the prime factors of s?
2
Let i = -2689 + 5154. List the prime factors of i.
5, 17, 29
Suppose -2*d + 1 - 5 = 0. Let a(r) be the first derivative of -5*r**4/4 + 2*r**3/3 - r**2 - 3*r + 169. List the prime factors of a(d).
7
Let k = -11 - -10. Let v(c) = -11*c**3 + 2*c**2 + 2*c + 1. Let p be v(k). Let m = p + -4. What are the prime factors of m?
2
Suppose 0 = -2*s - 7*s - 216. Let n = 5 - s. What are the prime factors of n?
29
Let v(a) = -3*a - 13. Let b be v(-5). Suppose 110 = b*g - 0*g. What are the prime factors of g?
5, 11
Let l be ((-12)/14)/((-3)/(-21)). List the prime factors of (-4)/l - (-1624)/21.
2, 3, 13
Let h(x) = -x + 18. Let f(j) = j - 17. Let l(g) = -6*f(g) - 5*h(g). Let a be -7 + 0 + 481/37. What are the prime factors of l(a)?
2, 3
Suppose 7*y = 2*y. Suppose -r = -y*r - 85. Let k = r - 60. List the prime factors of k.
5
Let y(x) = -16*x**2 - 16*x**2 - 6*x**3 - 2*x + 30*x**2 + 5. What are the prime factors of y(-3)?
5, 31
Let p(o) = o**3 + 9*o**2 + 9*o. Let x be p(-8). List the prime factors of 5 + 5 + -7 - x.
11
Suppose -3*r - 5*m + 65 = 0, -2*r = 3*r + 3*m - 135. Let q be (16/20)/(4/r). Suppose 0 = -5*i + q + 69. What are the prime factors of i?
3, 5
Let o = 49 - 47. Let w(z) = 77*z + 2. List the prime factors of w(o).
2, 3, 13
Let y(m) = -17*m + 4. Let k be y(-6). Let r = 83 - 40. Let t = k - r. List the prime factors of t.
3, 7
Let o(p) = p**2 + 50*p - 264. Let x be o(5). Let i be 13/(((-2)/(-8))/1). Suppose 2*f - i = -2*h, h - x = 3*f + f. What are the prime factors of h?
23
Let z(q) = q**2 - 2. Let g be z(3). Suppose 3*l = -3*b + 237, 4*l - 234 = -g*b + 4*b. What are the prime factors of b?
2, 41
Suppose -25 + 5 = -4*m. Suppose -m*s - 2*s = -448. List the prime factors of s.
2
Suppose 4*m + 3*m = 21. Let r be 4/12*m - -4. What are the prime factors of 18/r*10/3?
2, 3
Suppose 0 = t + 2*q - 3166, -2704 = 3*t - q - 12223. List the prime factors of t.
2, 13, 61
Let p(g) = g**3 + 9*g**2. Let f be p(-7). Suppose -f - 88 = -2*h. List the prime factors of h.
3, 31
Suppose -1148 - 889 = -3*s. What are the prime factors of s?
7, 97
Suppose -22 - 14 = 2*t. What are the prime factors of (-6)/t + (-182)/(-3)?
61
Let k = -9 - -16. Let v(q) = q**2 + 11*q + 3. Let o be v(-11). Suppose -2*d = 5*a - 30, 2*a + o*d + k = a. What are the prime factors of a?
2
Suppose 2519 = 4*d - 3*k, -4*d - 1069 = -2*k - 3591. What are the prime factors of d?
2, 79
Suppose -5*a = 3*s + 5, -s = 4*a + s + 2. Suppose a*u - 101 = 103. Let x = -61 + u. What are the prime factors of x?
41
Let u(r) = -2*r**2 - 16*r - 13. Let y be u(-4). Suppose 6*o + 1209 = y*o. What are the prime factors of o?
3, 31
Let i(d) be the second derivative of 16/3*d**3 + 1/2*d**2 + 0 + 6*d. List the prime factors of i(1).
3, 11
Let q = 76 + -39. Suppose 4*p = 3*p + q. List the prime factors of p.
37
Let u(t) = 8*t**2 + 12*t**2 + 22*t - 10 - 28*t - t**3 - 8*t**2. Let y = 31 + -20. List the prime factors of u(y).
3, 5
What are the prime factors of (-3 - (-1238)/8)/(1/4)?
607
Let c be 10/3*(-36)/(-24). Let d(n) = 54*n + 9. Let v(u) = -11*u - 2. Let p(y) = c*d(y) + 24*v(y). List the prime factors of p(5).
3
Let h be (3/2)/(27/72). Let j be 160/9 - 4/(-18). Suppose -3*g + h*g + 5*r - 22 = 0, r - j = -g. List the prime factors of g.
17
Suppose 629 = -19*x + 37052. List the prime factors of x.
3, 71
Let u be (-4)/6*(-36)/8. Suppose -4*w = -3*q + 85, -u*q + w + 12 = -70. Let f = q + -6. What are the prime factors of f?
3, 7
Let p(z) = -z**2 + 4*z - 23. Let l be p(-10). Let w = -92 - l. Let b = -10 + w. What are the prime factors of b?
61
Let m = -3 - -3. Let q(s) = -12*s + 10*s + m - 4 + 3*s**2. What are the prime factors of q(3)?
17
Suppose 0 = -n - 2*v + 379, 0 = -5*n + 34*v - 31*v + 1856. List the prime factors of n.
373
Let n(i) = -452*i + 71. What are the prime factors of n(-5)?
3, 7, 37
Let r = -701 + 2163. List the prime factors of r.
2, 17, 43
Let v(w) be the second derivative of w**5/20 - 5*w**4/12 + 5*w**3/3 - w**2/2 + 19*w. What are the prime factors of v(6)?
5, 19
Let u(x) = 30*x**2 + 2*x + 10. Suppose g - 6 = 2*o + 1, 2*o - 4*g + 16 = 0. List the prime factors of u(o).
2, 3, 7
Suppose -7*p - 68 = -4*f - 3*p, f - 11 = -5*p. Let g = -142 + f. Let w = 184 + g. List the prime factors of w.
2, 29
Let z = 221 + -89. List the prime factors of z.
2, 3, 11
Let m = 82 - 22. Let t = m - 26. List the prime factors of t.
2, 17
Let b = -884 + 580. Let r = -172 - b. List the prime factors of r.
2, 3, 11
What are the prime factors of 2903 + (-30)/(-1 + -4) + -3?
2, 1453
Suppose -k = 9*k - 5820. Suppose 3*u - 6*u = -k. List the prime factors of u.
2, 97
Let u(a) = -a**2 - a + 1. Let f(i) = -i**2 + 3*i - 2. Let q(c) = -f(c) - 3*u(c). Let p be (8/(-32))/((3/(-12))/(-1)). What are the prime factors of q(p)?
3
Let k(s) = 3*s + 1. Let c be k(-4). Let i be ((-2)/1)/((-2)/c). Let j = -9 - i. What are the prime factors of j?
2
Suppose 7*d - 39916 = -13813. What are the prime factors of d?
3, 11, 113
Let k = 370 + 170. What are the prime factors of k?
2, 3, 5
Let v = 10 - -42. Let z = -25 - -73. Suppose -4*p = 4*x - v, 3*p = -5*x - 1 + z. What are the prime factors of p?
3
Suppose -2*y - 10 = -2*l, -2*y - 6 - 10 = -5*l. Suppose -4*b + 2 = -3*i - 9, l*b = -5*i - 1. List the prime factors of ((-7)/b)/(5/(-50)).
5, 7
Suppose 0 = m - 6 + 2. Let u(o) = -10*o - 5. Let q(k) = -19*k - 10. Let x(t) = -3*q(t) + 5*u(t). List the prime factors of x(m).
3, 11
Let v = 405 + -245. List the prime factors of v.
2, 5
What are